List the prime factors of o.
2, 5
Let p = 426 + -128. Let z = p + -152. List the prime factors of z.
2, 73
Suppose 0 = -2*d + 5*l + 536, -2 = 4*l + 6. Let s = -119 + d. Suppose s = 18*j - 14*j. What are the prime factors of j?
2, 3
Let w = -429 - -427. List the prime factors of w + (-33)/(-21) - (-105960)/84.
13, 97
Let m = 27478 - 18441. What are the prime factors of m?
7, 1291
Let k = 600 + -1352. What are the prime factors of k/2*((-14 - -10) + 2)?
2, 47
Let d(k) = 65*k**2 + 31*k + 2. Let t be d(-17). Suppose -3*p - 3*b + 10956 = -b, -5*p + t = -5*b. Suppose p - 1132 = 10*r. What are the prime factors of r?
2, 3, 7
Let f = -186 - -194. What are the prime factors of ((-138)/(-18))/(f/408)?
17, 23
Suppose 5*w - i = 31, i + 2*i = -w + 3. Let a be 57/12 + w/24. Suppose -5*t - d = -223, -a*t + 4*d = 3*d - 227. List the prime factors of t.
3, 5
Let c(b) = 1819*b**3 + 4*b**2 - 10*b + 14. What are the prime factors of c(2)?
2, 3, 809
What are the prime factors of 1*14/10 + (-260953)/(-55)?
2, 3, 7, 113
Let f = 15 + 21. Let i be (-3)/(-4) + f/16. Suppose i*l - 3 = -m + 40, -4*m + 52 = 4*l. What are the prime factors of l?
3, 5
Let o(i) = 2*i + 64. Let w be o(-31). List the prime factors of 30/12*w + 62.
67
Suppose -20*l + 113 = -19*l. Suppose -l = -9*h + 1426. What are the prime factors of h?
3, 19
Suppose -3*l + 2*w + 36 + 14 = 0, -l = w - 10. Suppose -h + 14 = -3*t, 5*h + 3*t - l = 2. List the prime factors of h.
5
Let v = 64 - 89. Let n = 26 + v. What are the prime factors of -1*(33/12)/(n/(-4))?
11
Let w = 4525 + -2863. What are the prime factors of w?
2, 3, 277
Let a(y) = 2*y - 14. Let m be a(8). Suppose 6*z + 4 = 3*f + z, 2 = m*f - 4*z. Suppose 5*j - 95 = -5*k, 14 = f*j - 1. What are the prime factors of k?
2, 7
Let s = 638 + 4660. List the prime factors of s.
2, 3, 883
Let n = 537 - 276. Let g = n - 155. List the prime factors of g.
2, 53
Let f = 205 - -2021. Let y = -973 + f. What are the prime factors of y?
7, 179
Let w be 1/((-42)/(-20) - 2). Let j = w + 107. List the prime factors of j.
3, 13
Let j(a) = 27*a**2 - 33*a + 192. Let d be j(-32). Suppose 39*m - 18*m = d. List the prime factors of m.
2, 43
Let q be -4 + 5/(-5) - -7. Let n be ((-16)/6)/(q/(7 - 1)). Let z(f) = -f**2 - 21*f - 28. List the prime factors of z(n).
2, 19
Suppose 0 = 14*d - 24 - 4. What are the prime factors of -3*d/((-10)/785)?
3, 157
Let k(a) = 6*a**2 - 19*a - 41. Let t be k(25). Suppose 6*j + t = 9090. What are the prime factors of j?
2, 61
Suppose 8*q = -0*q + 840. Let j = -18 + q. Let d = -82 + j. List the prime factors of d.
5
Let m(w) = -w**3 + 4*w**2 - 2*w - 4. Let a be m(2). Suppose 4*c - 2*u - 1290 = 0, 324 = c - a*u - 2*u. What are the prime factors of c?
2, 7, 23
Let s be (-2)/6 + 132/18. Suppose -s*h = -h + 12. List the prime factors of (h - -75) + (-10 - -10).
73
Let k(i) = i**3 + 9*i**2 + 14*i + 5. Let q be k(-2). Suppose -8*v + 2074 = -4*v + 2*t, 0 = q*v + 5*t - 2590. List the prime factors of v.
3, 173
Let f(d) = -3758*d + 19516. List the prime factors of f(-8).
2, 5, 37, 67
Let p(d) = -218*d + 20. Let w be p(2). Let l = -350 - w. What are the prime factors of l?
2, 3, 11
Let p(i) = 23*i**3 - 39*i**2 + 8*i - 7. What are the prime factors of p(4)?
3, 97
Suppose -3*m + 4*y + 1339 = 0, 2*m = m - 5*y + 459. Suppose m = 2*w - 103. What are the prime factors of w?
2, 3, 23
Let p = 3356 + 13890. What are the prime factors of p?
2, 8623
Let k(h) = 18*h**2 + 29*h - 96. Let f be k(36). Suppose -28*q = 6*q - f. What are the prime factors of q?
2, 3, 7, 17
Let g(z) = 497*z - 1976. What are the prime factors of g(24)?
2, 311
Suppose -3*v + 189 = 3*m, 0*m = 4*m - v - 227. Let s = m - 53. Suppose 4*n - 54 = -s*a, 5*n + 2*a - 48 = 28. What are the prime factors of n?
2
What are the prime factors of (-9)/3 + 458 + (-2 - -4)?
457
Suppose 45*h - 290597 = 244408. What are the prime factors of h?
3, 1321
Let b(q) = -38*q**3 + 24*q**3 - 60*q**3. Suppose 13*y - 3*y - 4*p = -18, p = 2. List the prime factors of b(y).
2, 37
Suppose -g - 34 = 16*g. List the prime factors of 1165/g*(1 - 45/25).
2, 233
Let k = -1363 + 605. Let a = k - -1288. What are the prime factors of a?
2, 5, 53
Let u be 8/4*(-72)/(-16). Suppose u*o - 4815 - 1215 = 0. What are the prime factors of o?
2, 5, 67
List the prime factors of (-5)/((-105)/(-6)) + (-42590)/(-7).
2, 3, 13
Let s = -118 + 116. Let r be (0 - s/(-3))/(16/(-120)). Suppose -r*h = -4*o + 577, -4*o + 163 = -3*o + 5*h. List the prime factors of o.
2, 37
List the prime factors of 281750/(-100)*4/(-10).
7, 23
Let j(a) = 292*a**3 + 5*a**2 - 37*a + 98. What are the prime factors of j(3)?
2, 1979
Let l be (10/(-3))/(6/(-9)). Suppose u - 5*n - 15 = 2*u, l*u + 5*n = 5. Suppose 0 = u*s + 2*h - 454, 4*s - 3*h - 193 = 2*s. What are the prime factors of s?
2, 23
Suppose 3*x + 98 = c, 2*x + 4*c + 66 = 5*c. Let w = -31 - x. Suppose w = -4*k + 105. What are the prime factors of k?
2, 13
Let o(l) = -251*l**2 + 4*l + 2. Let s be o(-3). Let u = 3306 + s. What are the prime factors of u?
17, 61
Let m(b) = -670*b + 328. What are the prime factors of m(-20)?
2, 3, 11, 13
Let v(o) = -o**2 + 2. Let t be v(0). Suppose -k + 211 = 3*k + 5*a, 5*k = -t*a + 285. Let m = k + -17. List the prime factors of m.
2, 3, 7
Suppose -6410 = -2*j + 7978. List the prime factors of j.
2, 3, 11, 109
Let k(q) = -q**3 - 11*q**2 - 25*q + 2. List the prime factors of k(-21).
4937
Let a = -1002 + -15560. What are the prime factors of 3/(-2) - a/28?
2, 5, 59
Suppose 15*p - 20*p = 0. Suppose 2*l + 2*d - 3*d - 10 = p, 0 = 5*l + 3*d - 3. Suppose 2*z - 258 = -q, -2*q + 3*z = l*q - 1303. What are the prime factors of q?
2, 5, 13
Let t be 85 - (0 - (0 - 1)). Let w = -469 - -819. Let h = w - t. List the prime factors of h.
2, 7, 19
Suppose y - 5*q + 15 = 0, -3*y + q = -y - 6. Suppose s + 5*l = 435, 2*s + l = y*l + 828. Let u = s + -281. What are the prime factors of u?
139
Let k = -16851 + 29426. List the prime factors of k.
5, 503
Let m(p) = p**3 + 3*p**2 - 5. Let u(f) = -3*f - 20. Let x be u(-9). Let l be m(x). Suppose -3*h = 2*h - l. List the prime factors of h.
97
Let p = -596 + 9316. List the prime factors of p.
2, 5, 109
Suppose 3*v = 11445 + 744. What are the prime factors of v?
17, 239
Let c be 2/(-8)*10*24/(-10). Suppose -c*m - 837 = -3867. What are the prime factors of m?
5, 101
Let g(q) = -1118*q + 2824. What are the prime factors of g(-12)?
2, 5, 7, 29
Let g(w) = -4*w + 21. Let v be g(5). Suppose 4 = s + v. Suppose -f = -s*z - 119, 5*z = f + 2*f - 341. What are the prime factors of f?
107
Suppose 3*n - 3*c - 49737 = 0, 3*n + 7531 = -4*c + 57226. What are the prime factors of n?
16573
Let q be (-836)/36 - 2 - (-2)/9. Let s = q + -53. Let v = -47 - s. What are the prime factors of v?
31
Suppose -3*y - 2*x + 157589 = 0, -22*y + 17*y - 2*x = -262659. What are the prime factors of y?
5, 7, 19, 79
Let q be (-1)/((-5)/(-240)*8). Let s(m) = -8*m + 73. What are the prime factors of s(q)?
11
Let k = 4062 + -1973. List the prime factors of k.
2089
Let v(x) = x**2 - 2*x - 28. Let q be v(-18). Suppose 5*y + 4*g - 812 = 0, 2*y - q = 7*g - 5*g. Suppose 3*k - y - 184 = 0. What are the prime factors of k?
2, 29
Let t(m) = -45*m - 958. Let q be t(-24). Let u = 3 - -6. Suppose 0 = -u*b + 7*b + q. List the prime factors of b.
61
Let q(g) = 319*g + 5302. What are the prime factors of q(75)?
11, 2657
Suppose -2*y = -5*t - 41, -2*y - 5*t + 7 = -4. Suppose y*l - 615 = 8*l. Let b = l + -83. What are the prime factors of b?
2, 5
Let k(v) = -9*v**2 - 8*v - 3. Let q be k(-6). List the prime factors of (q/(-36))/((-3)/(-108)).
3, 31
Let y(z) = 12*z + 229. Suppose -10*w = -0*w. What are the prime factors of y(w)?
229
Suppose -5*u + 77 + 13 = 0. Suppose -1542 = -79*o + 117. Let d = o - u. List the prime factors of d.
3
Let h be 9976/(-145)*(-110)/4. Suppose 2*s = b - 474, -7*b + 11*b - h = 4*s. What are the prime factors of b?
2, 59
List the prime factors of (11 - (-169806)/14) + 8.
2, 3037
Let g(h) = 554*h**2 - 889*h + 7051. What are the prime factors of g(8)?
5, 7079
Suppose -16*q + 44170 + 190432 = -6214. What are the prime factors of q?
3, 29, 173
Let w(p) = 2670*p**2 - 2732*p + 3. List the prime factors of w(4).
5, 6359
Let t(z) = -2*z**3 + 65*z**2 + 21*z - 377. What are the prime factors of t(30)?
7, 97
Su